{"id":31180,"date":"2020-02-26T16:56:16","date_gmt":"2020-02-26T15:56:16","guid":{"rendered":"https:\/\/www.masmallorca.es\/politica-de-privacidad"},"modified":"2024-01-16T16:24:13","modified_gmt":"2024-01-16T15:24:13","slug":"datenschutzrichtlinie","status":"publish","type":"page","link":"https:\/\/www.masmallorca.es\/de\/datenschutzrichtlinie","title":{"rendered":"Datenschutzrichtlinie"},"content":{"rendered":"\n<p>In \u00dcbereinstimmung mit den Bestimmungen des Organgesetzes 15\/1999 vom 13. Dezember zum Schutz personenbezogener Daten informiert +Mallorca seine Kunden dar\u00fcber, dass alle von ihnen angegebenen personenbezogenen Daten in eine automatisierte Datei mit personenbezogenen Daten aufgenommen werden. Pers\u00f6nlich, erstellt und unter der Verantwortung von +Mallorca gepflegt.<\/p>\n\n\n\n<p>Der Zweck dieser Datei besteht darin, informative Mitteilungen zu versenden, die wir Ihnen regelm\u00e4\u00dfig mit Neuigkeiten und Informationen kultureller und touristischer Art zusenden.<\/p>\n\n\n\n<p>+Mallorca garantiert die Sicherheit und Vertraulichkeit der bereitgestellten Daten. Auf diese Weise verpflichtet er sich, seiner Verpflichtung zur Geheimhaltung personenbezogener Daten und seiner Pflicht zur Speicherung dieser Daten nachzukommen und alle erforderlichen Ma\u00dfnahmen zu ergreifen, um deren \u00c4nderung, Verlust, Verarbeitung oder unbefugte Nutzung zu verhindern. Daher werden s\u00e4mtliche Informationen \u00fcber unsere Kunden weder f\u00fcr kommerzielle Zwecke genutzt noch an Dritte weitergegeben.<\/p>\n\n\n\n<p>Abonnenten von +Mallorca k\u00f6nnen jederzeit ihr Recht auf Zugang, Berichtigung, L\u00f6schung und Widerspruch aus\u00fcben, indem sie dies schriftlich an unsere E-Mail-Adresse info@masmallorca.es mitteilen<\/p>\n\n\n\n<p>Im Allgemeinen unterliegen die Beziehungen zu unseren Kunden, die sich aus der Erbringung der auf unserer Website enthaltenen Dienstleistungen ergeben, der spanischen Gesetzgebung und Gerichtsbarkeit.<\/p>\n\n\n\n<p>Die Nutzer unserer Website nehmen alle Informationen zur Kenntnis und akzeptieren diese freiwillig.<\/p>\n\n\n\n<p>+Mallorca ist nicht verantwortlich f\u00fcr den Missbrauch der Inhalte unserer Website, die alleinige Verantwortung liegt bei der Person, die auf sie zugreift oder sie nutzt.<\/p>\n\n\n\n<p>+Mallorca beh\u00e4lt sich das Recht vor, die auf seiner Website enthaltenen Informationen sowie deren Konfiguration oder Pr\u00e4sentation jederzeit und ohne vorherige Ank\u00fcndigung zu aktualisieren, zu \u00e4ndern oder zu l\u00f6schen, ohne daf\u00fcr eine Verantwortung zu \u00fcbernehmen.<\/p>\n\n\n\n<p>Wir sind au\u00dferdem von jeglicher Haftung f\u00fcr m\u00f6gliche Sch\u00e4den oder Verluste befreit, die dem Benutzer aufgrund von Fehlern, M\u00e4ngeln oder Auslassungen in den von uns bereitgestellten Informationen entstehen, wenn diese aus anderen Quellen als uns stammen.<\/p>\n\n\n\n<p>Bei Fragen jeglicher Art k\u00f6nnen Sie sich direkt an uns wenden:<\/p>\n\n\n\n<p>+Mallorca&nbsp;<br>Carrer Meli\u00e0 44.<br>07620 Llucmajor, Mallorca.<br>G57715807 &#8211; 971 669551 &#8211; info@masmallorca.es<\/p>\n","protected":false},"excerpt":{"rendered":"<p>In \u00dcbereinstimmung mit den Bestimmungen des Organgesetzes 15\/1999 vom 13. Dezember zum Schutz personenbezogener Daten informiert +Mallorca seine Kunden dar\u00fcber, dass alle von ihnen angegebenen personenbezogenen Daten in eine automatisierte Datei mit personenbezogenen Daten aufgenommen werden. Pers\u00f6nlich, erstellt und unter der Verantwortung von +Mallorca gepflegt. Der Zweck dieser Datei besteht darin, informative Mitteilungen zu versenden, [&hellip;]<\/p>\n","protected":false},"author":1,"featured_media":0,"parent":0,"menu_order":0,"comment_status":"closed","ping_status":"closed","template":"","meta":{"_et_pb_use_builder":"off","_et_pb_old_content":"","_et_gb_content_width":"","footnotes":""},"class_list":["post-31180","page","type-page","status-publish","hentry"],"yoast_head":"<!-- This site is optimized with the Yoast SEO plugin v27.4 - https:\/\/yoast.com\/product\/yoast-seo-wordpress\/ -->\n<title>Datenschutzrichtlinie | +Mallorca: das Magazin aus Mallorca<\/title>\n<meta name=\"description\" content=\"Datenschutzrichtlinie\" \/>\n<meta name=\"robots\" content=\"index, follow, max-snippet:-1, max-image-preview:large, max-video-preview:-1\" \/>\n<link rel=\"canonical\" href=\"https:\/\/www.masmallorca.es\/de\/datenschutzrichtlinie\" \/>\n<meta property=\"og:locale\" content=\"de_DE\" \/>\n<meta property=\"og:type\" content=\"article\" \/>\n<meta property=\"og:title\" content=\"Datenschutzrichtlinie | +Mallorca: das Magazin aus Mallorca\" \/>\n<meta property=\"og:description\" content=\"Datenschutzrichtlinie\" \/>\n<meta property=\"og:url\" content=\"https:\/\/www.masmallorca.es\/de\/datenschutzrichtlinie\" \/>\n<meta property=\"og:site_name\" content=\"+Mallorca: das Magazin aus Mallorca\" \/>\n<meta property=\"article:publisher\" content=\"https:\/\/www.facebook.com\/mallorcamagazine\/\" \/>\n<meta property=\"article:modified_time\" content=\"2024-01-16T15:24:13+00:00\" \/>\n<meta property=\"og:image\" content=\"https:\/\/www.masmallorca.es\/wp-content\/uploads\/2009\/10\/Son-Marroig_3.jpg\" \/>\n\t<meta property=\"og:image:width\" content=\"300\" \/>\n\t<meta property=\"og:image:height\" content=\"194\" \/>\n\t<meta property=\"og:image:type\" content=\"image\/jpeg\" \/>\n<meta name=\"twitter:card\" content=\"summary_large_image\" \/>\n<meta name=\"twitter:site\" content=\"@masmallorca\" \/>\n<meta name=\"twitter:label1\" content=\"Gesch\u00e4tzte Lesezeit\" \/>\n\t<meta name=\"twitter:data1\" content=\"2\u00a0Minuten\" \/>\n<script type=\"application\/ld+json\" class=\"yoast-schema-graph\">{\"@context\":\"https:\\\/\\\/schema.org\",\"@graph\":[{\"@type\":\"WebPage\",\"@id\":\"https:\\\/\\\/www.masmallorca.es\\\/de\\\/datenschutzrichtlinie\",\"url\":\"https:\\\/\\\/www.masmallorca.es\\\/de\\\/datenschutzrichtlinie\",\"name\":\"Datenschutzrichtlinie | +Mallorca: das Magazin aus Mallorca\",\"isPartOf\":{\"@id\":\"https:\\\/\\\/www.masmallorca.es\\\/de#website\"},\"datePublished\":\"2020-02-26T15:56:16+00:00\",\"dateModified\":\"2024-01-16T15:24:13+00:00\",\"description\":\"Datenschutzrichtlinie\",\"breadcrumb\":{\"@id\":\"https:\\\/\\\/www.masmallorca.es\\\/de\\\/datenschutzrichtlinie#breadcrumb\"},\"inLanguage\":\"de\",\"potentialAction\":[{\"@type\":\"ReadAction\",\"target\":[\"https:\\\/\\\/www.masmallorca.es\\\/de\\\/datenschutzrichtlinie\"]}]},{\"@type\":\"BreadcrumbList\",\"@id\":\"https:\\\/\\\/www.masmallorca.es\\\/de\\\/datenschutzrichtlinie#breadcrumb\",\"itemListElement\":[{\"@type\":\"ListItem\",\"position\":1,\"name\":\"Portada\",\"item\":\"https:\\\/\\\/www.masmallorca.es\\\/de\"},{\"@type\":\"ListItem\",\"position\":2,\"name\":\"Datenschutzrichtlinie\"}]},{\"@type\":\"WebSite\",\"@id\":\"https:\\\/\\\/www.masmallorca.es\\\/de#website\",\"url\":\"https:\\\/\\\/www.masmallorca.es\\\/de\",\"name\":\"+Mallorca: la revista de Mallorca\",\"description\":\"Mehr als Sonne und Strand..\",\"publisher\":{\"@id\":\"https:\\\/\\\/www.masmallorca.es\\\/de#organization\"},\"alternateName\":\"+Mallorca\",\"potentialAction\":[{\"@type\":\"SearchAction\",\"target\":{\"@type\":\"EntryPoint\",\"urlTemplate\":\"https:\\\/\\\/www.masmallorca.es\\\/de?s={search_term_string}\"},\"query-input\":{\"@type\":\"PropertyValueSpecification\",\"valueRequired\":true,\"valueName\":\"search_term_string\"}}],\"inLanguage\":\"de\"},{\"@type\":\"Organization\",\"@id\":\"https:\\\/\\\/www.masmallorca.es\\\/de#organization\",\"name\":\"+Mallorca Magazin\",\"alternateName\":\"M\u00e1s Mallorca\",\"url\":\"https:\\\/\\\/www.masmallorca.es\\\/de\",\"logo\":{\"@type\":\"ImageObject\",\"inLanguage\":\"de\",\"@id\":\"https:\\\/\\\/www.masmallorca.es\\\/de#\\\/schema\\\/logo\\\/image\\\/\",\"url\":\"https:\\\/\\\/www.masmallorca.es\\\/wp-content\\\/uploads\\\/2021\\\/04\\\/logomallorca-1.png\",\"contentUrl\":\"https:\\\/\\\/www.masmallorca.es\\\/wp-content\\\/uploads\\\/2021\\\/04\\\/logomallorca-1.png\",\"width\":326,\"height\":84,\"caption\":\"+Mallorca Magazin\"},\"image\":{\"@id\":\"https:\\\/\\\/www.masmallorca.es\\\/de#\\\/schema\\\/logo\\\/image\\\/\"},\"sameAs\":[\"https:\\\/\\\/www.facebook.com\\\/mallorcamagazine\\\/\",\"https:\\\/\\\/x.com\\\/masmallorca\"]}]}<\/script>\n<!-- \/ Yoast SEO plugin. -->","yoast_head_json":{"title":"Datenschutzrichtlinie | +Mallorca: das Magazin aus Mallorca","description":"Datenschutzrichtlinie","robots":{"index":"index","follow":"follow","max-snippet":"max-snippet:-1","max-image-preview":"max-image-preview:large","max-video-preview":"max-video-preview:-1"},"canonical":"https:\/\/www.masmallorca.es\/de\/datenschutzrichtlinie","og_locale":"de_DE","og_type":"article","og_title":"Datenschutzrichtlinie | +Mallorca: das Magazin aus Mallorca","og_description":"Datenschutzrichtlinie","og_url":"https:\/\/www.masmallorca.es\/de\/datenschutzrichtlinie","og_site_name":"+Mallorca: das Magazin aus Mallorca","article_publisher":"https:\/\/www.facebook.com\/mallorcamagazine\/","article_modified_time":"2024-01-16T15:24:13+00:00","og_image":[{"width":300,"height":194,"url":"https:\/\/www.masmallorca.es\/wp-content\/uploads\/2009\/10\/Son-Marroig_3.jpg","type":"image\/jpeg"}],"twitter_card":"summary_large_image","twitter_site":"@masmallorca","twitter_misc":{"Gesch\u00e4tzte Lesezeit":"2\u00a0Minuten"},"schema":{"@context":"https:\/\/schema.org","@graph":[{"@type":"WebPage","@id":"https:\/\/www.masmallorca.es\/de\/datenschutzrichtlinie","url":"https:\/\/www.masmallorca.es\/de\/datenschutzrichtlinie","name":"Datenschutzrichtlinie | +Mallorca: das Magazin aus Mallorca","isPartOf":{"@id":"https:\/\/www.masmallorca.es\/de#website"},"datePublished":"2020-02-26T15:56:16+00:00","dateModified":"2024-01-16T15:24:13+00:00","description":"Datenschutzrichtlinie","breadcrumb":{"@id":"https:\/\/www.masmallorca.es\/de\/datenschutzrichtlinie#breadcrumb"},"inLanguage":"de","potentialAction":[{"@type":"ReadAction","target":["https:\/\/www.masmallorca.es\/de\/datenschutzrichtlinie"]}]},{"@type":"BreadcrumbList","@id":"https:\/\/www.masmallorca.es\/de\/datenschutzrichtlinie#breadcrumb","itemListElement":[{"@type":"ListItem","position":1,"name":"Portada","item":"https:\/\/www.masmallorca.es\/de"},{"@type":"ListItem","position":2,"name":"Datenschutzrichtlinie"}]},{"@type":"WebSite","@id":"https:\/\/www.masmallorca.es\/de#website","url":"https:\/\/www.masmallorca.es\/de","name":"+Mallorca: la revista de Mallorca","description":"Mehr als Sonne und Strand..","publisher":{"@id":"https:\/\/www.masmallorca.es\/de#organization"},"alternateName":"+Mallorca","potentialAction":[{"@type":"SearchAction","target":{"@type":"EntryPoint","urlTemplate":"https:\/\/www.masmallorca.es\/de?s={search_term_string}"},"query-input":{"@type":"PropertyValueSpecification","valueRequired":true,"valueName":"search_term_string"}}],"inLanguage":"de"},{"@type":"Organization","@id":"https:\/\/www.masmallorca.es\/de#organization","name":"+Mallorca Magazin","alternateName":"M\u00e1s Mallorca","url":"https:\/\/www.masmallorca.es\/de","logo":{"@type":"ImageObject","inLanguage":"de","@id":"https:\/\/www.masmallorca.es\/de#\/schema\/logo\/image\/","url":"https:\/\/www.masmallorca.es\/wp-content\/uploads\/2021\/04\/logomallorca-1.png","contentUrl":"https:\/\/www.masmallorca.es\/wp-content\/uploads\/2021\/04\/logomallorca-1.png","width":326,"height":84,"caption":"+Mallorca Magazin"},"image":{"@id":"https:\/\/www.masmallorca.es\/de#\/schema\/logo\/image\/"},"sameAs":["https:\/\/www.facebook.com\/mallorcamagazine\/","https:\/\/x.com\/masmallorca"]}]}},"_links":{"self":[{"href":"https:\/\/www.masmallorca.es\/de\/wp-json\/wp\/v2\/pages\/31180","targetHints":{"allow":["GET"]}}],"collection":[{"href":"https:\/\/www.masmallorca.es\/de\/wp-json\/wp\/v2\/pages"}],"about":[{"href":"https:\/\/www.masmallorca.es\/de\/wp-json\/wp\/v2\/types\/page"}],"author":[{"embeddable":true,"href":"https:\/\/www.masmallorca.es\/de\/wp-json\/wp\/v2\/users\/1"}],"replies":[{"embeddable":true,"href":"https:\/\/www.masmallorca.es\/de\/wp-json\/wp\/v2\/comments?post=31180"}],"version-history":[{"count":0,"href":"https:\/\/www.masmallorca.es\/de\/wp-json\/wp\/v2\/pages\/31180\/revisions"}],"wp:attachment":[{"href":"https:\/\/www.masmallorca.es\/de\/wp-json\/wp\/v2\/media?parent=31180"}],"curies":[{"name":"wp","href":"https:\/\/api.w.org\/{rel}","templated":true}]}}

<p>In Übereinstimmung mit den Bestimmungen des Organgesetzes 15/1999 vom 13. Dezember zum Schutz personenbezogener Daten informiert +Mallorca seine Kunden darüber, dass alle von ihnen angegebenen personenbezogenen Daten in eine automatisierte Datei mit personenbezogenen Daten aufgenommen werden. Persönlich, erstellt und unter der Verantwortung von +Mallorca gepflegt.</p>



<p>Der Zweck dieser Datei besteht darin, informative Mitteilungen zu versenden, die wir Ihnen regelmäßig mit Neuigkeiten und Informationen kultureller und touristischer Art zusenden.</p>



<p>+Mallorca garantiert die Sicherheit und Vertraulichkeit der bereitgestellten Daten. Auf diese Weise verpflichtet er sich, seiner Verpflichtung zur Geheimhaltung personenbezogener Daten und seiner Pflicht zur Speicherung dieser Daten nachzukommen und alle erforderlichen Maßnahmen zu ergreifen, um deren Änderung, Verlust, Verarbeitung oder unbefugte Nutzung zu verhindern. Daher werden sämtliche Informationen über unsere Kunden weder für kommerzielle Zwecke genutzt noch an Dritte weitergegeben.</p>



<p>Abonnenten von +Mallorca können jederzeit ihr Recht auf Zugang, Berichtigung, Löschung und Widerspruch ausüben, indem sie dies schriftlich an unsere E-Mail-Adresse info@masmallorca.es mitteilen</p>



<p>Im Allgemeinen unterliegen die Beziehungen zu unseren Kunden, die sich aus der Erbringung der auf unserer Website enthaltenen Dienstleistungen ergeben, der spanischen Gesetzgebung und Gerichtsbarkeit.</p>



<p>Die Nutzer unserer Website nehmen alle Informationen zur Kenntnis und akzeptieren diese freiwillig.</p>



<p>+Mallorca ist nicht verantwortlich für den Missbrauch der Inhalte unserer Website, die alleinige Verantwortung liegt bei der Person, die auf sie zugreift oder sie nutzt.</p>



<p>+Mallorca behält sich das Recht vor, die auf seiner Website enthaltenen Informationen sowie deren Konfiguration oder Präsentation jederzeit und ohne vorherige Ankündigung zu aktualisieren, zu ändern oder zu löschen, ohne dafür eine Verantwortung zu übernehmen.</p>



<p>Wir sind außerdem von jeglicher Haftung für mögliche Schäden oder Verluste befreit, die dem Benutzer aufgrund von Fehlern, Mängeln oder Auslassungen in den von uns bereitgestellten Informationen entstehen, wenn diese aus anderen Quellen als uns stammen.</p>



<p>Bei Fragen jeglicher Art können Sie sich direkt an uns wenden:</p>



<p>+Mallorca&nbsp;<br>Carrer Melià 44.<br>07620 Llucmajor, Mallorca.<br>G57715807 &#8211; 971 669551 &#8211; info@masmallorca.es</p>

<p>In Übereinstimmung mit den Bestimmungen des Organgesetzes 15/1999 vom 13. Dezember zum Schutz personenbezogener Daten informiert +Mallorca seine Kunden darüber, dass alle von ihnen angegebenen personenbezogenen Daten in eine automatisierte Datei mit personenbezogenen Daten aufgenommen werden. Persönlich, erstellt und unter der Verantwortung von +Mallorca gepflegt. Der Zweck dieser Datei besteht darin, informative Mitteilungen zu versenden, [&hellip;]</p>

<!-- This site is optimized with the Yoast SEO plugin v27.4 - https://yoast.com/product/yoast-seo-wordpress/ -->
<title>Datenschutzrichtlinie | +Mallorca: das Magazin aus Mallorca</title>
<meta name="description" content="Datenschutzrichtlinie" />
<meta name="robots" content="index, follow, max-snippet:-1, max-image-preview:large, max-video-preview:-1" />
<link rel="canonical" href="https://www.masmallorca.es/de/datenschutzrichtlinie" />
<meta property="og:locale" content="de_DE" />
<meta property="og:type" content="article" />
<meta property="og:title" content="Datenschutzrichtlinie | +Mallorca: das Magazin aus Mallorca" />
<meta property="og:description" content="Datenschutzrichtlinie" />
<meta property="og:url" content="https://www.masmallorca.es/de/datenschutzrichtlinie" />
<meta property="og:site_name" content="+Mallorca: das Magazin aus Mallorca" />
<meta property="article:publisher" content="https://www.facebook.com/mallorcamagazine/" />
<meta property="article:modified_time" content="2024-01-16T15:24:13+00:00" />
<meta property="og:image" content="https://www.masmallorca.es/wp-content/uploads/2009/10/Son-Marroig_3.jpg" />
	<meta property="og:image:width" content="300" />
	<meta property="og:image:height" content="194" />
	<meta property="og:image:type" content="image/jpeg" />
<meta name="twitter:card" content="summary_large_image" />
<meta name="twitter:site" content="@masmallorca" />
<meta name="twitter:label1" content="Geschätzte Lesezeit" />
	<meta name="twitter:data1" content="2 Minuten" />
<script type="application/ld+json" class="yoast-schema-graph">{"@context":"https:\/\/schema.org","@graph":[{"@type":"WebPage","@id":"https:\/\/www.masmallorca.es\/de\/datenschutzrichtlinie","url":"https:\/\/www.masmallorca.es\/de\/datenschutzrichtlinie","name":"Datenschutzrichtlinie | +Mallorca: das Magazin aus Mallorca","isPartOf":{"@id":"https:\/\/www.masmallorca.es\/de#website"},"datePublished":"2020-02-26T15:56:16+00:00","dateModified":"2024-01-16T15:24:13+00:00","description":"Datenschutzrichtlinie","breadcrumb":{"@id":"https:\/\/www.masmallorca.es\/de\/datenschutzrichtlinie#breadcrumb"},"inLanguage":"de","potentialAction":[{"@type":"ReadAction","target":["https:\/\/www.masmallorca.es\/de\/datenschutzrichtlinie"]}]},{"@type":"BreadcrumbList","@id":"https:\/\/www.masmallorca.es\/de\/datenschutzrichtlinie#breadcrumb","itemListElement":[{"@type":"ListItem","position":1,"name":"Portada","item":"https:\/\/www.masmallorca.es\/de"},{"@type":"ListItem","position":2,"name":"Datenschutzrichtlinie"}]},{"@type":"WebSite","@id":"https:\/\/www.masmallorca.es\/de#website","url":"https:\/\/www.masmallorca.es\/de","name":"+Mallorca: la revista de Mallorca","description":"Mehr als Sonne und Strand..","publisher":{"@id":"https:\/\/www.masmallorca.es\/de#organization"},"alternateName":"+Mallorca","potentialAction":[{"@type":"SearchAction","target":{"@type":"EntryPoint","urlTemplate":"https:\/\/www.masmallorca.es\/de?s={search_term_string}"},"query-input":{"@type":"PropertyValueSpecification","valueRequired":true,"valueName":"search_term_string"}}],"inLanguage":"de"},{"@type":"Organization","@id":"https:\/\/www.masmallorca.es\/de#organization","name":"+Mallorca Magazin","alternateName":"Más Mallorca","url":"https:\/\/www.masmallorca.es\/de","logo":{"@type":"ImageObject","inLanguage":"de","@id":"https:\/\/www.masmallorca.es\/de#\/schema\/logo\/image\/","url":"https:\/\/www.masmallorca.es\/wp-content\/uploads\/2021\/04\/logomallorca-1.png","contentUrl":"https:\/\/www.masmallorca.es\/wp-content\/uploads\/2021\/04\/logomallorca-1.png","width":326,"height":84,"caption":"+Mallorca Magazin"},"image":{"@id":"https:\/\/www.masmallorca.es\/de#\/schema\/logo\/image\/"},"sameAs":["https:\/\/www.facebook.com\/mallorcamagazine\/","https:\/\/x.com\/masmallorca"]}]}</script>
<!-- / Yoast SEO plugin. -->

Más Mallorca
